 - (-2 - 0)) + -44.
-48
-648 - -589 - (0 - 15)
-44
What is the value of -38 - ((-45 - 13) + -2)?
22
Evaluate -14 + -12 + (11 + -5 - -7) + -11.
-24
(-131 - -147) + (0 - 49)
-33
What is the value of 4 - 98 - (4 - (-8 + 19 - -7))?
-80
What is -17 + 16 + -9 + (15 - 31) - -10?
-16
What is 39 + -93 + 25 - (-5 + -3 - -11)?
-32
What is 2 + -46 - (2 - 3 - (1 + 32 + -42))?
-52
-6 + 80 + -40 + -25
9
What is 8 - (-3 - 1) - (52 + 9 + -23)?
-26
What is the value of 147 + (-41 + 70 - 62) - 8?
106
(50 - -28 - 13) + -137
-72
-9 + (-21 - (-24 - 34))
28
-13 + -1 + -12 + 91 + (0 + 10 - 12)
63
Evaluate 14 - (20 - 19) - (33 - 28).
8
What is the value of 9 + (4 - 18) - (-3 - -2) - -54?
50
What is the value of (-11 - -10) + 11 + -9 + 20?
21
Calculate (2 - -8) + (186 - 188) + 43 + 1.
52
Evaluate 43 - (-18 + 13 + 2 + 20).
26
What is 1 - (0 - -2) - (50 + -86 + 75)?
-40
10 + (19 - (15 + -11 - -5))
20
What is -45 - -46 - (-25 + 47 + (0 + -1 - -1))?
-21
1259 + -1164 + -6 + -52
37
(-1 - 3) + -5 + 95 + -80 + 39
45
(0 - -12) + (-10 - -12 - (-112 + 57)) + -12
57
What is the value of -13 - (7 - 62 - -5) - (-21 - (7 + -17))?
48
Calculate (-3 - -11) + 17 + -44.
-19
Evaluate -107 - (6 + 21 + -46 - -3).
-91
Calculate -56 - (25 - (5 - (1 - 11)) - 0).
-66
Evaluate -10 + 78 + -52 + -29.
-13
Evaluate 60 + -20 - 15 - 39 - -36.
22
What is the value of (5 + -3 + 10 - (-17 + 3 + 13)) + -75?
-62
What is -67 + 78 + -119 + 139?
31
What is the value of 14 - 40 - -11 - 6?
-21
-2 + (-1 - 3) - ((32 - (-26 - -46)) + -67)
49
What is -25 - -72 - 62 - (1 + 3 + -17) - -99?
97
What is the value of -3 - (-12 + -7 + 20 + -2 - -8)?
-10
What is the value of (24 - 5) + 14 + (6 - (-2 + (-8 - -24)))?
25
Evaluate -105 - (-2 - 1 - (0 + -16 - (-1 - -1))).
-118
Calculate 0 + (4 - -3) + -3 + 70 + (5 - 1).
78
What is the value of -130 + 136 + -7 - 10?
-11
6 + 0 - (-14 - (-6 + 6 + -5))
15
What is -40 + 26 + (-33 - -60)?
13
Calculate 8 + 4 + (-19 - -16) + (-4 - -7) + 79.
91
What is 1 - (-72 + 50 + 20 + 1 + -2 + -32)?
36
What is the value of (11 - -18) + -6 - (-13 - -2)?
34
What is 45 + (-1 - (-123 + 111))?
56
Evaluate (-3 + (16 - -26) - -10) + 0.
49
What is the value of (2 + 0 - -7) + (-9 - -5 - 4)?
1
Calculate 13 + 23 + (43 - 88).
-9
What is the value of 14 + (5 - (-12 + 11) - 11) - (-1 - -3)?
7
(5 + 0 + (70 - 61) - 64) + 7
-43
What is the value of 23 - (-14 - (-1 + (-4 - 2) - (37 + -32)))?
25
What is 172 + (121 + -96 - 120)?
77
Evaluate (19 - (83 - 13)) + 20 + -2 + 19.
-14
What is the value of (-36 - -7 - -5) + (27 - -31)?
34
Calculate (-4 - -14) + 8 + (8 - ((-6 - -15) + 4)).
13
What is the value of 4 - 2 - ((9 - (-16 - -20)) + 3 + -87)?
81
What is -31 + (-71 - -45) + 54?
-3
Evaluate 13 + 1 + -22 + -77 + 79 - -24.
18
What is the value of 149 - 1 - (15379 + -15381)?
150
Calculate (6 - 20 - -10 - -30) + 11.
37
Evaluate 25 + (78 - 105) + 3 + -2 + -15.
-16
What is -31 - (-16 + (4 + 9 - 8) + (-16 - -17))?
-21
What is the value of (8 - (63 + -68) - (5 - (0 + 1))) + -9?
0
-71 + -177 - (-128 + 4)
-124
Calculate (1 - -1) + (6 - -1) + 5 - (1288 - 1207).
-67
0 + 1 + -8 + (1087 - 1107)
-27
What is the value of (50 - 2) + (56 - 52) + -6?
46
What is the value of 48 + (-10 - 125) - -58?
-29
Calculate (86 - (-8 - -90)) + (14 - 1).
17
Calculate -92 + (24 - 5 - ((-15 - -5) + -1 - -18)).
-80
Evaluate -24 + 88 + 45 + -69.
40
What is -16 + 64 + 12 + 23 + -43 - -8?
48
What is the value of -18 + (-3 - 16) + 30 - (-29 - 3)?
25
Calculate 36 + 18 + -21 - (1 + -7 + 10).
29
-25 + 23 + -11 - 3
-16
What is the value of 31 + (-6 - -20) + -31 + 70 + 0?
84
Calculate -12 - (201 + -113 + -77).
-23
Evaluate 24 + (-68 - -35 - -37).
28
What is the value of -1 - 16 - ((30 - 25) + -115)?
93
What is the value of -107 + 65 + 36 + -71?
-77
3 + -15 + 15 + 11 - (-73 + -32)
119
What is the value of -26 - (39 - 17) - -45?
-3
Evaluate -50 + 58 - (2 - -46).
-40
Calculate -58 + -15 + 19 + (-3 + 2 - (-3 + -2)).
-50
Evaluate 0 + (132 - 42) - 116.
-26
Calculate (-18 + 31 - 101) + 43.
-45
Calculate -234 + 262 + (-3 + 14 - 182).
-143
What is the value of -94 - 0 - (-14 + 0 - (48 + -55)) - -13?
-74
925 + -919 + (2 - (47 - -2))
-41
What is (5 - (147 - 144)) + 24 + -2 + 2?
26
What is 31 - (16 - (-8 + (-24 - -7)))?
-10
Evaluate (7 - 13 - (6 + (-14 - (-15 - -7)))) + -10.
-16
What is the value of -23 + 56 + 10 + -18?
25
Calculate -100 + (60 - -22) + 73.
55
Evaluate (8 - (5 - -6)) + (48 - 35).
10
Calculate 14 - (-19 + (22 - 7)) - -44.
62
Evaluate -2 + ((0 + 9 - -4) + 7 - 9) - -62.
71
What is (37 - (48 - 33)) + (-89 - -3)?
-64
10 - (-15 + (0 - -9) + 17) - 22
-23
Calculate 31 + -17 - (-11 + 3 - 5).
27
Evaluate 0 + 156 + -405 + 286.
37
Calculate 0 + 7 + (-3 - (22 - (35 + 28))).
45
What is the value of (21 + (-4 - 20 - -24) - -3) + (-1 - 12)?
11
What is the value of (-12 - (-4 - 7)) + (-2 - 57 - -13)?
-47
Evaluate -10 + 93 + (-824 - -726).
-15
4 + 0 + -13 + 901 + -879
13
What is the value of (68 - (-30 - -40)) + -74?
-16
What is (4 + (-8 - -12) - 12) + -14 + 26 - -18?
26
What is -13 - (-8 + 2) - 0 - (-36 - (-46 + 32))?
15
What is (43 - 1 - (-926 + 939)) + 83?
112
What is the value of (-3 - (-2 + 3)) + (-1620 - -1619 - (0 + -4))?
-1
(-2 + 11 - 1) + (15 - 37) + 25 + 80
91
What is (-2 - (10 - 16)) + (10 - 7) + 43?
50
Evaluate 1 + -3 + 2 - (20 + (15 - (10 - 12))).
-37
What is (0 - 11) + (17 - 23) + (8 - 31) + -4?
-44
What is (-73 - (65 - 30)) + (1 - -34)?
-73
What is the value of -17 + 1 + (-1552 - -1618) + 0 + 27?
77
Calculate -1 + 53 - (13 - (99 - 96 - (-1 + -7))).
50
16 + -82 + 22 + 17 - 17
-44
What is 12 - 37 - (-24 - (-28 - -5))?
-24
What is -177 + 169 - (0 + -51)?
43
-39 - -45 - (26 + -2) - 35
-53
Calculate (9 - (-24 + 4)) + -11 + 0.
18
Calculate (21 - -1) + 3892 + -4007 - -28.
-65
Evaluate 29 - 34 - (-7 - (-4 - -18)).
16
What is the value of -11 + (-18 - -32 - 8) - (-1 - 27)?
23
Evaluate 84 + 18 + -12 - (-32 + 52).
70
-1 - 18 - (-292 + 127 + 248)
-102
Evaluate -46 - (-11 + 8 + 6 + -11 - (-9 + 4)).
-43
Calculate 6 + -148 + (-3 - -97).
-48
Evaluate (-2 - -3) + 5 - (0 - (-35 + 67)).
38
What is the value of 21 - (108 - 24) - -64?
1
Calculate -2 + -3 + 63 + (-27 - (0 - 17)).
48
What is the value of (11 + -17 - -10) + -1 + 2 + -6?
-1
What is the value of -1 - (-1 + 4) - (-92 + (-53 + 79 - -12))?
50
Evaluate -45 + (22 + -10 - 26).
-59
Evaluate -19 + 4 + 10 + -27 + 20.
-12
Calculate -131 + (86 - 159 - -146).
-58
25 + -39 - (-35 + 25 - (5 - 10))
-9
21 + -16 + -35 + 24 + -6
-12
What is -40 + 8 - (-280 - -246)?
2
Evaluate (-5 - -13 - (83 + -87 - (-2 + 0))) + 33.
43
What is 1 + 42 + 10 + (6 - (-2 - (1 - 14)))?
48
Evaluate (23 - 13) + -19 + 12 + 15 + (-2 - -1).
17
-1 + 47 + 16 + -17
45
6 - (16 - -4) - (2 - (-3 + -9))
-28
What is the value of -40 + -310 - -121 - -124?
-105
117 + 18 + -36 + 32 + -39
92
What is -14 + (10 - (-3 + 12)) + 22 + -35?
-26
Calculate -1 + -25 + -10 + (28 - 49) + 11.
-46
What is the value of 15 - (-57 + 8 - -8)?
56
Evaluate -28 + -1 - ((-148 - -51) + 120).
-52
What is 46 + -15 + -29 + 3 + -55 - 8?
-58
What is the value of (-188 + 204 - (-2 - -1)) + -41?
-24
Evaluate 18 - (31 - (39 - 70)).
-44
Evaluate (-3 + 0 + -10 - (-10 - -6)) + -34 + 11.
-32
Calculate 20 - (4 + -8 - ((-8 - (3 + -6)) + -6)).
13
73 - (-15 + -10 + 17 - -6 - 8)
83
Calculate 46 + -58 + 84 + -36.
36
Evaluate -36 - -26 - (16 - (1 - (-3 - 1) - -2)).
-19
What is -10 + (2 + -10 - (22 - (29 + -31 + 19)))?
-23
Calculate -11 + (-22 - -16) + 8 + -7 + -1.
-17
Evaluate 3 - -15 - ((0 - -71) + -14 + 8).
-47
What is -8 + -2 + 18 + (24 - 53)?
-21
What is the value of 4 + -11 + -2 + (-4 - -7) + -5?
-11
Evaluate -1 + -11 + -71 + -4 + 5 + 26 + -40.
-96
Calculate (60 - 197) + (90 - 17).
-64
Evaluate -108 - 116 - -86 - -47.
-91
(-81 - (120 + -110)) + 164
73
(4 - (-1 + 4 + 2 + -6)) + (186 - 187)
4
-70 - (60 + -9 + -77)
-44
What is the value of (-2 + 3 - 45) + 141 + -177 + 44?
-36
What is the value of (41 - -3) + (-203 - -173)?
14
-42 + (34 - (-33 - -23) - (-1 - -25))
-22
What is the value of -61 + 1 - (-12 + 18) - 7 - (-36 - -42)?
-79
What is the value of -49 + 5 + (65 - 16) - -55?
60
What is the value of 4 + 3 + -3 - 5 - (194 - 194)?
-1
What is (68 - 28 - 30) + (-13 - -11) + 2 + 1?
11
-18 + (9 - (36 + -12)) + 56
23
Evaluate (87 - 5) + -67 - (5 + -2).
12
What is the value of (39 - -2) + (7 - (1 + 4 + 4))?
39
Evaluate (